be f(-4). Let y = 118 + l. What is the units digit of y?
9
Let z = 74 + -34. Let g = 97 - z. What is the units digit of 2/(-1 - g/(-55))?
5
Let s be -4 - (-8 - -9)/((-1)/2). Let u = s + 61. What is the tens digit of u?
5
Let y(a) = 26 - 34 + 11 - a + 20. What is the units digit of y(12)?
1
Let p = 282 - -685. What is the tens digit of p?
6
Let b(m) = 14*m**2 - m + 589. What is the units digit of b(0)?
9
Let w(v) = v + 3. Let q be w(-7). Let n be (-14 + 137)*q/(-6). Let c = 117 - n. What is the tens digit of c?
3
What is the hundreds digit of 6/5*(-3465)/(-27)?
1
Let j(q) = 0*q + 0*q - 5*q**2 - q**3 - q + q**2. What is the units digit of j(-4)?
4
Let s be (-1114)/(-9) - (-6)/27. Let x = -95 + s. What is the units digit of x?
9
Let q(l) be the second derivative of 8*l + 1/20*l**5 + 0*l**4 - 1/6*l**3 + 12*l**2 + 0. What is the units digit of q(0)?
4
Let r(k) = -k**3 + 9*k**2 + 2*k - 13. Let v = -3 - -12. Let g be r(v). Suppose 172 = g*y + 7. What is the tens digit of y?
3
Suppose -5*p + 3 = -4*q, p + 2*p = -5*q + 24. Let w = 17 + q. Suppose 5*f = 0, 4*f + w = 4*h - 28. What is the units digit of h?
2
Suppose 3*c - c + 80 = 0. Let a be (-3 - c) + 1 - -2. Let h = -29 + a. What is the units digit of h?
1
Let q = 2 - -5. Let y = 10 - q. What is the tens digit of ((-24)/20)/(y/(-70))?
2
Let u(k) = 143*k - 946. What is the hundreds digit of u(9)?
3
Suppose 5*v + 0*h - 160 = 2*h, -48 = -2*v + 4*h. Let n = -15 + v. What is the tens digit of n?
1
Let z = -5679 + 10175. What is the hundreds digit of z?
4
Suppose -12*c + 11*c = -4*p - 2133, 0 = -c + 2*p + 2123. What is the hundreds digit of c?
1
Let b = 3 - 3. Let d be (-36)/27 + 19/3. Suppose -15 = -b*p - d*p. What is the units digit of p?
3
Suppose 0 = 133*p - 39*p - 480340. What is the thousands digit of p?
5
Suppose -k = -3*y + 715, y + 4*k = 2*k + 229. What is the units digit of y?
7
Let h = 26 - 22. Suppose -n - q + 283 = 0, 7*q - h*q - 561 = -2*n. What is the hundreds digit of n?
2
Let w be (-14)/35 + 17/5. Suppose -w*x = x - 124. What is the tens digit of x?
3
Suppose 10 = 5*y + 5. What is the units digit of (-2)/(((-2)/89)/y)?
9
Suppose 5*i = 801 - 6. Suppose 0 = -4*u + 5*u - i. What is the units digit of 7/35 + u/5?
2
Let v(p) = 200*p**2 + 2*p + 2. What is the hundreds digit of v(-1)?
2
Let q = 371 - 160. Suppose -4*v - 174 = -3*t - v, q = 4*t + 3*v. What is the tens digit of t?
5
Suppose 5*n - 6 = 2*n. Suppose 4 = -n*u + 10. What is the tens digit of 666/12*2/u?
3
Let j be (18/(-12))/((-1)/(-2)). Let g be (-1)/(((-3)/(-2))/j). What is the units digit of ((-40)/(g + -4))/2?
0
Let u = -60 - -111. Let h = u - 14. Suppose 2*z + h = 5*o - 0*z, 2*o + 5*z - 38 = 0. What is the units digit of o?
9
Suppose 5*t = -5*d + 6605, -4775 = -4*t - 2*d + 499. What is the hundreds digit of t?
3
Suppose -2*o + 0*d - 141 = d, -5*d = 4*o + 297. Let s be 40*(-12)/(-4) + (-12)/4. Let n = o + s. What is the tens digit of n?
4
Let f = -218 - -404. Let p = f + -89. What is the tens digit of p?
9
Let z = 6 - 4. Let f be z + 2 + -3 + -1. Suppose f = -3*t + 56 + 31. What is the tens digit of t?
2
Let d be -6*-17*1/(-2). Let z = d + 21. What is the tens digit of z/10 - (-15)/1?
1
Suppose 4*m - 44 = 3*d + 2660, -3380 = -5*m + d. What is the hundreds digit of m?
6
Let i = -177 - -96. Let c = -60 - i. What is the units digit of c?
1
Suppose -4*g = -5*g + 73. Suppose 0 = 7*n - 655 - g. What is the tens digit of (n/39)/((-4)/(-18))?
1
Suppose 3*a - 27 = -3*g, 4*a + 3*g - 3 = 29. Suppose -f + a*f = 456. What is the hundreds digit of f?
1
Let j(o) = o**3 + 4*o**2 - 4*o + 2. Let p(k) = -3*k**3 - 7*k**2 + 8*k - 5. Let a(w) = -7*j(w) - 3*p(w). What is the tens digit of a(4)?
3
Let l(x) = 2*x**2 - 7*x - 3. Let g be l(-5). Suppose -2*m = 3*j - 84 - 83, m = -j + g. What is the tens digit of m?
7
What is the thousands digit of (-20985)/6*(48/20)/(-2)?
4
Suppose 2*l - 66 = -4*k, 0 = 3*k + k - 4*l - 72. Suppose 8*q = 3*q + 20. Suppose -q*p + k = -63. What is the tens digit of p?
2
Let p(f) = f**3 - 11*f**2. Suppose 0 = -2*i + 13 + 9. Let v be p(i). Suppose v = -17*w + 16*w + 54. What is the units digit of w?
4
Suppose -4*l - 7*l = -4763. What is the tens digit of l?
3
Suppose -23 = -4*d - 7. What is the tens digit of (d/(-1))/2*(-105)/14?
1
Suppose n + 4*s = 258, 3*n = 2*s + 335 + 495. What is the hundreds digit of n?
2
Let f = -223 + 1332. What is the units digit of f?
9
Let n(q) be the first derivative of -7*q**2/2 - 13. What is the tens digit of n(-11)?
7
Let c = 150 - 85. What is the hundreds digit of c*(-1 - -5)/20*14?
1
Suppose -6 = -3*i + 3*z, -3*z + 2*z = -3*i + 6. Suppose 0 = -5*y - 3*a + i*a + 422, 78 = y - 3*a. What is the tens digit of y?
8
Let v(n) = 17*n - 7. Suppose 4*k + 4*x = 0, 15 = -4*k - x - 0. Let y be v(k). What is the tens digit of (y/16)/(1/(-4))?
2
Suppose -8 = 2*s + 2*s. What is the tens digit of s*21/6*(-13 - 0)?
9
Let l(z) = z**3 + 2*z**2 + 4*z + 11. What is the hundreds digit of l(5)?
2
Let o = -420 - 160. Let d = -379 - o. What is the hundreds digit of d?
2
Let n = 3503 + -1961. What is the thousands digit of n?
1
Let q = 57 - 26. Suppose 368 = -6*o + 10*o. Suppose 5*h = -25, -4*z - h = -o - q. What is the tens digit of z?
3
Let d(t) = -3*t - 44. Let v be d(-12). Let c(k) be the first derivative of -3*k**2/2 + 10*k - 2. What is the units digit of c(v)?
4
Let w(i) = i**2 - 20*i + 9. What is the tens digit of w(-9)?
7
Suppose -2*a + 3*q + 509 = 0, 5*a = -3*q + 175 + 1129. What is the tens digit of a?
5
Let q(x) = 63*x + 52. What is the thousands digit of q(27)?
1
Let h(g) = g + 8. Let b be h(-6). Suppose -4*m = b*l + 17 + 3, 2*m + 10 = 0. Suppose l = -5*s + 10, 2*q = q + 5*s - 7. What is the units digit of q?
3
Suppose 10*m = 5*m + 15. Let t be (m - 1 - 4)*-4. Suppose -3*c - 190 = -t*c. What is the tens digit of c?
3
Let x(y) = y**3 + 7*y**2 + 7*y + 7. Let h be x(-5). Let z = h + -18. Suppose z*k - 2*j - 75 = -5*j, 3*k = -5*j + 70. What is the units digit of k?
5
Let t = -112 + 225. Let o = -67 + t. What is the tens digit of o?
4
Let j(b) be the first derivative of b**4/4 - 2*b**3 - 3*b**2/2 - b + 5. Let g be j(7). Suppose 5*t = 3 + g. What is the units digit of t?
6
Let u(f) = f**2 + 5*f + 5. Let x be u(-5). Suppose 3*h - 2 = -x*d, h + 0 = -d + 2. What is the tens digit of h/(-6)*(-294)/4?
4
Let n = 29 + -16. Suppose -n*y = -11*y - 596. What is the tens digit of y?
9
Suppose 0 = -2*q - u + 2482 + 592, -4*q - 3*u + 6152 = 0. What is the tens digit of q?
3
Let a be (-30)/(-9) + (-1)/3. Suppose -40 = -2*r - 42. What is the units digit of a*14*r/(-6)?
7
Let b = 47 + -43. Suppose 2*m = 2*p - 3*m - 91, 0 = p + b*m - 65. What is the tens digit of p?
5
Let u be (-4981)/(-13) - 16/104. Suppose -3*i - u = -4*t, 7*i - 113 = -t + 2*i. What is the tens digit of t?
9
Suppose 3*o + 0 = 6. Suppose -5*l + 5*n = -0*n - 290, 0 = o*l + 3*n - 101. What is the units digit of l?
5
Let g(l) = 4*l**2 - 2*l. Let n be g(1). Let p(x) = -x + 2*x**2 - x**3 - 3*x**2 + n + 0. What is the units digit of p(0)?
2
Suppose -5 = 4*p - 21. Suppose 0 = -4*y - p*k + 660, -3*k + 141 = 2*y - 188. What is the hundreds digit of y?
1
Let m = -437 + 1255. What is the hundreds digit of m?
8
Let u(r) = -2244*r**3 + 2*r**2 + 5*r + 3. What is the thousands digit of u(-1)?
2
Let q(n) = -3*n**2 - 6*n + 13. Let u be q(-11). Let c = -201 - u. What is the units digit of c?
3
Let i be 6/(-2) - 94/(-1). Let u = i - 8. What is the units digit of u?
3
Let u(q) = -2*q**2 - 8*q + 4. Let w be u(-6). Let s be 4/(-3)*30/w. Suppose 3*d - 13 = s*d. What is the tens digit of d?
1
Let t(p) = 19*p**2 - 2*p + 7. What is the hundreds digit of t(-3)?
1
Let c be 24/5 - 5/(-25). Suppose -p + 8 = -j, c*j + 8 = -2*p + 3. What is the units digit of -4*(-3 + (4 - p))?
6
Let c(u) = -4*u**2 - 19*u + 8. Let j be c(-5). Suppose -3*k + 2*k + 2 = 0. Suppose -34 = -2*o - 2*b, -17 = -o + k*b + j*b. What is the tens digit of o?
1
What is the tens digit of 5/(21/(-35) - 4172/(-6920))?
3
Let u(g) = -g**2 - 2*g + 5. Let q be u(-4). Let x be 22/q*(-15)/10. Suppose -x*i = -6*i - 155. What is the units digit of i?
1
Let c(y) = -2*y - 5. Let z be c(-6). Suppose -z*d = -0*d + 14. What is the tens digit of 4815/117 - d/(-13)?
4
Suppose -1062*u + 1064*u = 594. What is the units digit of u?
7
Suppose -3*t 